ppose -3*z + c = -19338, -z + c + 6430 = 6*c. Is z composite?
True
Suppose 4*g = -5*r + 23, 0*r - 11 = 2*g - 5*r. Suppose -5*l + 5*y + 191 = -g*l, 0 = -5*y - 5. Is l prime?
False
Let z = -3565 - -5324. Is z a prime number?
True
Let h = 75 - -56. Is h composite?
False
Let b(m) = 392*m - 5. Let d(g) = 392*g - 6. Let q(r) = -3*b(r) + 4*d(r). Is q(4) composite?
False
Let i = -19204 - -85941. Is i composite?
True
Is ((-47515)/26 - 14)/(1/(-2)) a composite number?
True
Suppose -3*l - 25 = 2*l. Let r = 7 + l. Suppose 2*g + 5*v - 248 = 0, -4*g + 281 + 199 = r*v. Is g prime?
False
Let s(u) = u**2 - 12*u + 15. Let g be s(8). Let y(x) = -13*x + 25. Let q be y(g). Let h = q + -89. Is h prime?
True
Let a(w) = w**3 - 2*w**2 + 4*w - 3. Let g be a(2). Suppose g*y + 4*r - 3809 = 3303, 3*r = 9. Suppose -y = -9*c + 5*c. Is c composite?
True
Suppose -6*r + 177 = -4359. Let h = -449 + r. Is h a composite number?
False
Suppose 8*m = 4*m + 112. Suppose m = 3*k + s, -3*k + 6*k - 38 = s. Let n(z) = z**3 - 11*z**2 + 9*z - 12. Is n(k) a composite number?
True
Let s be (-11 + 23)*3/2. Let j = -12 + s. Suppose 5*z - j*z + 889 = 0. Is z composite?
True
Is (-3 - 6/(24/(-10)))*-1594 prime?
True
Let v = -89 + 76. Is (-1893)/(v + 5 - -5) a prime number?
True
Suppose 32*u = 72571 + 96293. Is u a prime number?
False
Suppose -2*i + 69896 = -41042. Is i composite?
False
Let g = -830 + 575. Let w = g - -446. Is w a composite number?
False
Let f be (-154)/4 + 31/(-62). Is f/(-26) - (-2423)/2 prime?
True
Let h = -5939 - -11199. Suppose 0 = -s + 5*o + 1315, s + 3*s = 3*o + h. Is s composite?
True
Suppose 4*p = -2*t + 18, -2*t - 4*p + 22 = p. Suppose a = t + 7. Suppose 3*c + x + 644 = a*c, -x = 5*c - 646. Is c composite?
True
Let p = -205 + 1184. Is p prime?
False
Let q be (-4)/14 + (-30816)/42. Let l = -345 - q. Is l a prime number?
True
Suppose -92646 = -17*c - c. Is c a prime number?
True
Suppose 5222 = b - 7688. Suppose 5*m + 3840 - b = 0. Is m composite?
True
Let q = 5 - 6. Let d be (-15 - 0)*86/(-5). Let i = d - q. Is i a composite number?
True
Let r(l) = l**3 + 20*l**2 + 3*l - 7. Let j(m) = m**2 - m. Let g(z) = 4*j(z) + r(z). Is g(-21) a prime number?
False
Let v(f) = -2*f**2 - 10*f. Let w be v(-28). Let b = w + 2231. Is b composite?
True
Suppose -4*z = 230 + 302. Let k = 274 - z. Is k a composite number?
True
Let q(x) = -304*x**3 - x**2 + 1. Let c be q(-1). Suppose 5*m - 751 - c = 0. Is m composite?
False
Let y be (258/4)/((-27)/(-126)). Suppose -y = -6*f - 1027. Is 22/f - (-6450)/22 prime?
True
Let p be (-15)/(-6) + 1/2. Suppose 0 = -4*v + 3*m - 755, 0 = 4*v + p*m + 50 + 699. Let g = v - -267. Is g a composite number?
False
Let s(l) = 1 - 7*l + 2*l + l**3 - 16*l**2 + 22*l. Let c(t) = -t**3 + 2*t**2 + 52*t - 17. Let x be c(8). Is s(x) a prime number?
True
Suppose 0*c - 5*f + 193 = -c, -c - 161 = 3*f. Let l = c + 304. Is l composite?
False
Let c(r) = 1 + 0 + 2*r**3 - 3*r**3 - 7*r**2 + 2. Let v = -10 - -2. Is c(v) a composite number?
False
Suppose -5*j - 5*t - 299 + 939 = 0, 5*t - 378 = -3*j. Let z = 866 + j. Is z a prime number?
True
Suppose -3*w + 12 = 5*x - 9, x - 3 = 0. Suppose -5*h = -w*z - 5065, -2*h - 4*z + 730 + 1272 = 0. Is h prime?
False
Let l = 472 + -246. Let o = l - 67. Is o a composite number?
True
Suppose 8*t - 3005 = -861. Suppose 1107 = y + 5*n, -2*y + t = n - 1901. Is y composite?
True
Is 2/8*(18818 - 6) prime?
True
Suppose 0 = -b - 3*b + 96. Let g be (282/5)/(b/880). Is g/8 + 2/4 prime?
False
Suppose 46434 + 15274 = 4*k. Is k prime?
True
Suppose 10*g + 588 - 2158 = 0. Is g a prime number?
True
Let f(w) = 3*w**2 - w. Let r be f(1). Suppose -4*o + 3*g - 92 = -1728, -3*o = r*g - 1210. Let v = o - 221. Is v a composite number?
True
Is ((120/(-50))/(-2))/((-2)/(-1685)) composite?
True
Let t(o) = -o**2 + 6*o - 7. Let q be t(5). Is 3156/(-6)*1/q composite?
False
Let l(v) = 3*v**3 - 9*v**2 - 5*v + 5. Let a(c) = 2*c**3 - 6*c**2 - 3*c + 3. Let t(u) = 7*a(u) - 5*l(u). Let z be t(4). Is (232/12)/(z/(-78)) a prime number?
False
Let u = -417 - -820. Suppose 2121 + u = 4*z. Is z a prime number?
True
Suppose -2*x - 5098 = 650. Let p = 4531 + x. Is p a composite number?
False
Suppose -2*j - 5 = -3. Let t be (-49)/(-14) + j/(-2). Suppose -t*m + m + 417 = 0. Is m a prime number?
True
Let x(k) be the third derivative of k**6/120 + 7*k**5/30 + 7*k**4/8 - 5*k**3/6 + 12*k**2. Is x(-12) a prime number?
True
Let j(b) = 1176*b. Let o(c) = 49*c. Let k(d) = 2*j(d) - 49*o(d). Let q be k(-1). Suppose -3*g + q = -2*g. Is g composite?
True
Let v(m) = -302*m**3 - m**2 - m - 2. Let h be v(-2). Suppose -4*g + g = -h. Suppose -2*b + j = -5*b + 613, -4*b + 2*j = -g. Is b a prime number?
False
Let r(n) = 65*n**2 - 58*n - 11. Is r(-10) a composite number?
False
Suppose 4*a = -5*k - 488, -100 = k - 2*a + 4*a. Suppose 3*p = -2*l - 93, -3*p + 2*p + 3*l - 20 = 0. Let y = p - k. Is y composite?
False
Suppose -5*h + 18 = -3*l, -h - 4*l + 3 - 4 = 0. Suppose 0 = -h*k + 21 + 18. Suppose -5*i + k = d - 21, d = 4. Is i a prime number?
False
Let x(n) = 50*n + 5. Let q be 1 + (-4 - -2) + 1. Suppose -2*t + t - 5 = q, 5*c = -2*t + 10. Is x(c) a prime number?
False
Suppose 0 = 2*j + 13 - 3, -4*t = 5*j + 57. Let u(m) = 6*m**2 - 12*m - 1. Is u(t) composite?
False
Let y(l) = 4*l**2 + 2. Let c be y(-2). Let b = -73 - -74. Let r = c + b. Is r a composite number?
False
Suppose -4*n + 6551 = -3*j + 4*j, -3*j = -9. Is n a composite number?
False
Let s(f) = 100*f**3 - 4*f**2 - 6*f + 11. Is s(3) prime?
True
Let k be 0*(-4)/28*1/3. Suppose 4*m + 4 = k, -3*o + 5*m - 6580 = -6*o. Is o composite?
True
Suppose 5*q - 7*q + 8 = 0. Suppose -4*t + 4*o - 3*o = -1969, t - q*o = 481. Is t composite?
True
Let f(b) = 967*b - 27. Is f(2) prime?
True
Suppose 8*p - 10*p = -10. Suppose m - 133 = -b - m, 0 = -b - p*m + 133. Is b a prime number?
False
Let q(w) = -w**3 + 31*w**2 - 18*w + 4. Let z be q(23). Suppose 4*g + d - 7609 = -0*d, -z = -2*g - 4*d. Is g composite?
False
Suppose 4*b + b - 10 = 0, 0 = -t + 2*b + 5. Suppose t - 1 = -2*a. Is -7 - a - (2 + -403) prime?
False
Suppose 0 = h + 7 - 9. Suppose -h*n + 4*i = -18 + 80, 0 = -3*n + 3*i - 96. Is (-3)/2*5588/n a composite number?
True
Let p(z) = 15*z**2 + 2*z + 41. Suppose 4*v - 3*o - 2 - 47 = 0, -3*v - 3*o = -21. Is p(v) a prime number?
False
Suppose -n + 3*z = -19, -17 - 1 = -n + 2*z. Is 2808 + n - (2 + -5) composite?
True
Let a(y) = y**2 - 16*y + 4. Let v be a(16). Let g(b) = 3 - b**3 - 5*b**2 + 3*b + 6*b**2 - 2*b + 3*b**2. Is g(v) prime?
True
Suppose -19*s = -13*s - 36. Suppose -8*n + s*n = -788. Is n prime?
False
Let t be (78/(-4))/3*-206. Let s = -1933 + t. Let a = s + 973. Is a a composite number?
False
Let w be 0*(-2 + 15/10). Suppose -5*r - n + 19727 = w, 2*r + 2*n - 7898 = -2*n. Suppose 0*c = -5*c + r. Is c a composite number?
True
Suppose -113169 + 369980 = 67*a. Is a a prime number?
True
Let b = -27 - -32. Suppose -f + u - 3*u = -101, -3*f + 308 = b*u. Is f a composite number?
True
Let q = -16 + 21. Suppose q*s + 3*n - 6*n + 93 = 0, 5*n - 5 = 0. Let c = s - -241. Is c composite?
False
Let y be (0 + 1*-838)*-3. Suppose 0*u - 3*u = -y. Suppose -8*q + 10*q - u = 0. Is q a prime number?
True
Is 422/4*(9 + -7) composite?
False
Let b = -19 + 37. Suppose v = -r + 65, -v + b = -2*r - 53. Is v composite?
False
Let y(j) = 234*j**3 + j - 2. Let r be 105/4 - (-9)/(-36). Let o = -25 + r. Is y(o) composite?
False
Let o(g) = -839*g**2 + 12*g - 8. Let q(y) be the second derivative of -35*y**4/2 + y**3/2 - y**2 + 4*y. Let m(k) = 2*o(k) - 9*q(k). Is m(1) a composite number?
False
Suppose h + 25160 = q + 3*q, 3*q = -h + 18863. Is q composite?
True
Is 1/2*-7705*10/(-25) a composite number?
True
Suppose 5*d + 4*w = w + 61, w + 3 = 0. Is 5/140*13964 + 4/d prime?
True
Let x = 13 + -7. Suppose 2*i + x = 0, -5*j + 3*i + 2841 = -16103. Is j a composite number?
True
Let p(v) = 676*v - 61. Let m(f) = 135*f - 12. Let z(h) = -11*m(h) + 2*p(h). Is z(-3) composite?
False
Suppose -9*z + 6*z = 5*i - 20594, -20586 = -3*z + 3*i. Is z prime?
True
Let d = 55 + -59. Is 56 - -8 - (d - -1) a composite number?
False
Let p(f) = 306*f + 1. Let o be (-12*1)/(7 - 6). Let i = -11 - o. Is p(i) composite?
False
Let a be (-6)/(-9) - 4108/6. Let p = -431 - a. Is p a composite number?
True
Suppose -627306 + 2338788 = 38*f. I